Is 9 a factor of 104737?
False
Is 25 a factor of 144086?
False
Is 65 a factor of 132883?
False
Does 12 divide 456?
True
Is 3 a factor of 898?
False
Is 68 a factor of 15103?
False
Is 35763 a multiple of 50?
False
Is 123 a factor of 51291?
True
Is 573971 a multiple of 17?
True
Is 11 a factor of 303138?
True
Does 16 divide 2543530?
False
Does 899 divide 1988588?
True
Is 11 a factor of 258555?
True
Is 193 a factor of 332539?
True
Does 442 divide 2568034?
False
Is 8611717 a multiple of 9?
False
Does 173 divide 35206?
False
Does 378 divide 4863233?
False
Does 126 divide 15067584?
True
Does 11 divide 460438?
True
Is 1943654 a multiple of 934?
True
Is 30 a factor of 4258650?
True
Is 172225 a multiple of 5?
True
Is 1614637 a multiple of 29?
False
Does 43 divide 420454?
True
Does 42 divide 1194438?
True
Does 13 divide 4644107?
True
Is 23 a factor of 469384?
True
Is 3528163 a multiple of 1241?
True
Does 24 divide 416185?
False
Is 534992 a multiple of 16?
True
Is 568070 a multiple of 184?
False
Is 7 a factor of 1490568?
False
Does 403 divide 285111?
False
Does 42 divide 278747?
False
Is 91 a factor of 14705140?
False
Is 114 a factor of 6156?
True
Is 6 a factor of 89969?
False
Is 151 a factor of 6372200?
True
Is 5 a factor of 218?
False
Does 11 divide 1627219?
True
Is 378898 a multiple of 494?
True
Is 113 a factor of 34239?
True
Is 10455060 a multiple of 35?
True
Is 794 a factor of 337430?
False
Is 3578752 a multiple of 78?
False
Is 233 a factor of 115859?
False
Does 876 divide 5361139?
False
Is 149868 a multiple of 181?
True
Does 197 divide 22829542?
True
Is 354 a factor of 1018104?
True
Is 473760 a multiple of 96?
True
Is 54 a factor of 220942?
False
Is 8902770 a multiple of 1777?
True
Does 7 divide 144292?
False
Is 75 a factor of 1044142?
False
Does 4 divide 10324?
True
Does 286 divide 667810?
True
Does 48 divide 2976?
True
Does 23 divide 745246?
True
Does 336 divide 1433040?
True
Is 2 a factor of 11784?
True
Is 3295824 a multiple of 6?
True
Does 24 divide 131880?
True
Is 3753288 a multiple of 308?
True
Is 844 a factor of 2353916?
True
Is 26859 a multiple of 8?
False
Is 482 a factor of 115446?
False
Is 12 a factor of 371377?
False
Is 219835 a multiple of 63?
False
Does 6 divide 42606?
True
Is 31 a factor of 552085?
False
Does 4 divide 33903?
False
Is 181740 a multiple of 78?
True
Is 115 a factor of 20212303?
False
Is 227 a factor of 1054865?
False
Is 2860554 a multiple of 217?
False
Is 6007298 a multiple of 251?
False
Is 13 a factor of 229393?
False
Is 1663 a multiple of 7?
False
Does 50 divide 1406750?
True
Is 1144878 a multiple of 29?
False
Does 247 divide 7231708?
False
Is 2083879 a multiple of 110?
False
Is 5 a factor of 616556?
False
Is 460597 a multiple of 75?
False
Does 1014 divide 6333386?
False
Is 87 a factor of 159558?
True
Is 1017 a factor of 22987?
False
Is 8516640 a multiple of 160?
True
Is 1078 a factor of 2458918?
True
Is 752352 a multiple of 136?
True
Is 73552 a multiple of 74?
False
Is 77 a factor of 1300293?
False
Does 275 divide 151523?
False
Does 11 divide 84254?
False
Does 900 divide 6939000?
True
Is 426410 a multiple of 9?
False
Is 164 a factor of 34276?
True
Does 559 divide 292471?
False
Is 511658 a multiple of 3?
False
Does 58 divide 245108?
True
Is 31983 a multiple of 3?
True
Is 541555 a multiple of 35?
True
Is 7 a factor of 113064?
True
Does 83 divide 128937?
False
Does 15 divide 209630?
False
Does 321 divide 1839972?
True
Is 844966 a multiple of 94?
True
Is 190945 a multiple of 228?
False
Does 58 divide 135564?
False
Is 3652004 a multiple of 838?
True
Is 348 a factor of 647628?
True
Is 592307 a multiple of 177?
False
Is 1075466 a multiple of 63?
False
Does 31 divide 12152?
True
Does 140 divide 56804?
False
Does 23 divide 767178?
False
Is 110960 a multiple of 20?
True
Is 205 a factor of 15429426?
False
Is 90 a factor of 333102?
False
Is 3104612 a multiple of 14?
True
Does 86 divide 10868172?
False
Is 2050620 a multiple of 55?
True
Does 11 divide 662002?
True
Does 46 divide 934030?
True
Does 129 divide 6877659?
False
Is 232 a factor of 424560?
True
Does 245 divide 347213?
False
Is 3038556 a multiple of 38?
True
Is 451098 a multiple of 18?
True
Is 3690648 a multiple of 39?
True
Is 65345 a multiple of 45?
False
Is 108 a factor of 5724?
True
Is 1573569 a multiple of 9?
True
Does 27 divide 646341?
False
Does 740 divide 11765260?
True
Is 129 a factor of 957051?
True
Is 25 a factor of 59614?
False
Does 170 divide 188329?
False
Is 37023 even?
False
Is 288306 a multiple of 38?
True
Is 175 a factor of 585200?
True
Is 37196 a multiple of 17?
True
Does 15 divide 647299?
False
Does 7 divide 482452?
False
Is 4895 a multiple of 13?
False
Is 15 a factor of 14163?
False
Is 828375 a multiple of 141?
True
Is 242 a factor of 3958530?
False
Does 28 divide 2579398?
False
Does 10 divide 830860?
True
Does 14 divide 297299?
False
Does 122 divide 779539?
False
Is 552706 a multiple of 684?
False
Is 1285728 a multiple of 708?
True
Is 119 a factor of 539734?
False
Does 35 divide 40136?
False
Does 4 divide 3087512?
True
Does 336 divide 120129?
False
Is 15 a factor of 2082990?
True
Is 511 a factor of 57473?
False
Is 7 a factor of 30508?
False
Is 17 a factor of 1423679?
False
Does 13 divide 4276844?
True
Is 20 a factor of 421546?
False
Is 34 a factor of 89454?
True
Is 141 a factor of 352514?
False
Is 402 a factor of 1130826?
True
Is 292481 a multiple of 329?
True
Does 3 divide 182370?
True
Is 6 a factor of 178689?
False
Is 18 a factor of 8752518?
True
Is 961746 a multiple of 33?
False
Is 197624 a multiple of 14?
True
Does 17 divide 20417?
True
Is 15 a factor of 783473?
False
Is 146 a factor of 11117?
False
Does 273 divide 250068?
True
Is 271 a factor of 105991?
False
Is 1062556 a multiple of 11?
True
Is 33 a factor of 2883165?
False
Is 1856490 a multiple of 114?
True
Is 62 a factor of 73532?
True
Is 7224283 a multiple of 323?
False
Is 1793 a factor of 4092349?
False
Does 4 divide 3789699?
False
Is 6 a factor of 14610?
True
Is 13 a factor of 21996?
True
Is 261 a factor of 514967?
False
Is 501 a factor of 955024?
False
Is 107013 a multiple of 2?
False
Is 13217034 a multiple of 21?
False
Does 84 divide 58716?
True
Is 1323531 a multiple of 461?
True
Is 6 a factor of 608642?
False
Is 35280 a multiple of 6?
True
Does 12 divide 1801992?
True
Does 32 divide 1198552?
False
Is 174 a factor of 301887?
False
Is 35 a factor of 4295595?
False
Is 39 a factor of 1021098?
True
Is 46295 a multiple of 559?
False
Is 105420 a multiple of 303?
False
Does 7 divide 1801170?
True
Is 22 a factor of 126211?
False
Does 11 divide 32434?
False
Is 16 a factor of 42320?
True
Is 6707550 a multiple of 1455?
True
Is 756870 a multiple of 461?
False
Does 7 divide 5297670?
True
Is 59 a factor of 359251?
True
Does 24 divide 8943388?
False
Does 10 divide 505810?
True
Is 20 a factor of 3725880?
True
Is 825755 a multiple of 19?
False
Is 10 a factor of 7856527?
False
Is 13 a factor of 97955?
True
Is 74259 a multiple of 223?
True
Does 12 divide 179460?
True
Is 48 a factor of 318397?
False
Is 975176 a multiple of 2?
True
Does 15 divide 2832105?
True
Is 4318408 a multiple of 904?
True
Is 14 a factor of 292558?
True
Does 83 divide 416245?
True
Does 21 divide 8694669?
False
Does 7 divide 2666611?
False
Is 1294766 a multiple of 257?
True
Does 39 divide 1889706?
True
Does 10 divide 366400?
True
Is 14 a factor of 673540?
True
Does 29 divide 1241316?
True
Does 291 divide 1828644?
True
Does 21 divide 250555?
False
Does 124 divide 936696?
True
Does 5 divide 1175155?
True
Does 17 divide 801113?
False
Does 59 divide 928424?
True
Is 493 a factor of 3921586?
False
Does 78 divide 173318?
False
Is 11450692 a multiple of 181?
False
Is 168 a factor of 8603112?
True
Does 68 divide 611592?
True
Is 6 a factor of 23207010?
True
Does 3 divide 101778?
True
Is 7 a factor of 98777?
True
Is 1839157 a multiple of 6?
False
Is 1087604 a multiple of 95?
False
Does 330 divide 843685?
False
Is 79936 a multiple of 16?
True
Is 558627 a multiple of 87?
True
Is 29 a factor of 24772699?
True
Does 23 divide 408321?
False
Is 93 a factor of 309783?
True
Does 71 divide 816617?
False
Does 25 divide 530700?
True
Is 41 a factor of 37351?
True
Is 125 a factor of 970382?
False
Is 40 a factor of 29675?
False
Is 579823 a multiple of 160?
False
I